te the highest common divisor of 5044 and 15331238.
2522
What is the highest common divisor of 15461556 and 4488?
132
Calculate the greatest common divisor of 996 and 8798913.
249
Calculate the highest common factor of 20736906 and 8670.
1734
What is the greatest common factor of 24428 and 405623?
197
What is the highest common factor of 72 and 21106716?
12
Calculate the highest common divisor of 1759 and 33987398.
1759
What is the highest common factor of 26741857 and 277?
277
What is the highest common divisor of 87773990 and 370?
370
What is the greatest common divisor of 45 and 10161015?
15
Calculate the greatest common divisor of 56831 and 4981.
17
What is the highest common factor of 16809687 and 20016?
1251
What is the highest common factor of 1712167016 and 56?
56
Calculate the highest common factor of 896 and 716632.
56
Calculate the greatest common divisor of 72 and 42834378.
6
Calculate the greatest common factor of 745348 and 339.
113
Calculate the highest common divisor of 1870 and 4795802.
374
Calculate the greatest common divisor of 3360 and 5376.
672
Calculate the greatest common factor of 1164707634 and 3.
3
Calculate the greatest common factor of 4 and 128884972.
4
Calculate the highest common factor of 292396668 and 2196.
732
Calculate the greatest common factor of 1640 and 2558044.
4
Calculate the highest common divisor of 5975684 and 7657.
403
Calculate the highest common factor of 208 and 386416.
16
What is the highest common divisor of 116652 and 5592?
12
What is the highest common divisor of 129 and 12602139?
129
Calculate the greatest common factor of 1472 and 50704.
16
What is the highest common factor of 7354094 and 374?
22
Calculate the greatest common factor of 3341048 and 232.
8
What is the highest common factor of 2130 and 374260170?
2130
Calculate the greatest common factor of 43519912 and 716.
716
What is the highest common divisor of 8913938 and 198?
22
What is the highest common factor of 6335 and 1920410?
905
Calculate the highest common divisor of 7006 and 1012850414.
7006
What is the greatest common factor of 793104 and 388188?
492
What is the greatest common divisor of 2232 and 5492022?
186
What is the greatest common divisor of 1612801 and 731?
43
What is the highest common divisor of 39115040 and 160?
160
What is the greatest common factor of 2923 and 2195173?
2923
What is the highest common divisor of 1350816 and 160?
32
Calculate the greatest common factor of 201 and 1795868.
67
What is the highest common factor of 390 and 262109010?
30
What is the greatest common divisor of 3153632 and 236806?
1418
What is the highest common divisor of 57094736 and 4176?
464
What is the highest common divisor of 51021 and 4581?
9
What is the greatest common divisor of 3774 and 12936384?
222
What is the greatest common factor of 9289 and 3349348?
1327
Calculate the greatest common divisor of 274326103 and 74.
37
What is the highest common divisor of 10785606 and 636?
318
What is the greatest common divisor of 48552 and 28903672?
952
Calculate the greatest common divisor of 10 and 14918395.
5
What is the highest common factor of 2780640 and 10080?
1440
Calculate the highest common divisor of 9530914 and 34.
34
Calculate the greatest common factor of 48 and 1323954180.
12
What is the greatest common factor of 288575160 and 240?
120
Calculate the highest common factor of 17568 and 110848.
32
Calculate the highest common divisor of 32973375 and 75.
75
Calculate the highest common divisor of 4744 and 6595346.
1186
Calculate the highest common divisor of 25 and 2173903975.
25
Calculate the greatest common factor of 37887408 and 37296.
5328
Calculate the greatest common factor of 23948320 and 15.
5
What is the highest common divisor of 30 and 1395160410?
30
Calculate the greatest common divisor of 12864 and 31168.
64
What is the greatest common factor of 56829476 and 8?
4
Calculate the greatest common divisor of 393170553 and 362.
181
What is the highest common divisor of 22111305 and 340?
85
Calculate the greatest common factor of 23130555 and 315.
105
Calculate the greatest common divisor of 89122945 and 2650.
265
What is the greatest common divisor of 38726061 and 4866?
2433
What is the highest common factor of 7991522 and 1078?
154
Calculate the greatest common divisor of 102532740 and 10260.
1140
What is the highest common divisor of 175325269 and 6111?
679
Calculate the greatest common factor of 285891 and 93.
3
Calculate the greatest common divisor of 1990307 and 323.
19
Calculate the highest common factor of 960154536 and 3482.
3482
What is the greatest common divisor of 2277674475 and 138?
69
What is the highest common divisor of 54074370 and 7?
7
What is the greatest common divisor of 489879096 and 280?
56
What is the highest common factor of 1215 and 1048149?
9
What is the greatest common divisor of 439010 and 1025687?
3991
Calculate the greatest common factor of 56310450 and 255.
15
Calculate the highest common divisor of 24 and 11283924.
12
Calculate the highest common divisor of 541935 and 87.
3
Calculate the highest common divisor of 464 and 12591046.
58
Calculate the greatest common factor of 447 and 568436937.
447
Calculate the highest common divisor of 864779 and 103847.
919
Calculate the highest common factor of 1428 and 170073576.
204
What is the highest common factor of 7067568 and 32?
16
Calculate the greatest common divisor of 12225 and 15016350.
75
Calculate the highest common factor of 77546 and 207263.
203
What is the greatest common factor of 66 and 5774714?
22
Calculate the highest common factor of 3705 and 5599425.
195
What is the greatest common divisor of 222 and 3534750?
6
Calculate the highest common factor of 75049104 and 1548.
516
What is the highest common divisor of 10989010 and 4?
2
Calculate the highest common factor of 2120720 and 4340.
140
What is the greatest common factor of 7533 and 1913103?
279
Calculate the greatest common factor of 138824 and 1241128.
2072
Calculate the greatest common factor of 215765 and 385.
55
What is the highest common divisor of 26976 and 479640?
24
What is the greatest common divisor of 2250 and 342052875?
1125
Calculate the greatest common factor of 156 and 5461521.
39
What is the greatest common factor of 4261134 and 42?
6
What is the greatest common divisor of 3473 and 6865517?
151
What is the highest common factor of 24406389 and 8631?
63
Calculate the greatest common divisor of 1950 and 1147683225.
975
What is the highest common factor of 465043 and 395051?
673
Calculate the highest common divisor of 355263 and 27413.
79
Calculate the highest common factor of 19756 and 309716.
44
What is the highest common divisor of 1566 and 222723?
27
Calculate the highest common factor of 420 and 223180.
20
What is the greatest common factor of 39024146 and 9384?
782
What is the highest common divisor of 36936658 and 946?
22
What is the highest common divisor of 400 and 4842900?
100
Calculate the highest common divisor of 970398 and 4669522.
8294
Calculate the greatest common factor of 290862 and 62244.
234
What is the highest common factor of 2478957 and 289?
17
Calculate the highest common factor of 134712243 and 20232.
2529
What is the highest common divisor of 97200 and 1781190?
2430
What is the greatest common factor of 125334912 and 141312?
8832
Calculate the greatest common divisor of 315364535 and 85.
85
Calculate the highest common divisor of 310805539 and 187.
11
Calculate the greatest common divisor of 203516 and 3678.
1226
What is the highest common factor of 282 and 37431458?
94
Calculate the greatest common divisor of 1180 and 11852215.
295
What is the highest common divisor of 24409 and 5230183?
2219
What is the greatest common factor of 3240405 and 2430?
1215
What is the greatest common divisor of 91 and 184758847?
91
What is the highest common factor of 49 and 14618527?
7
What is the highest common factor of 6379 and 1131047732?
6379
What is the highest common divisor of 987956 and 93127?
4049
Calculate the highest common factor of 1182 and 304522206.
1182
What is the highest common factor of 80870 and 290?
10
Calculate the highest common divisor of 4180 and 9907930.
190
Calculate the greatest common factor of 5547 and 29230841.
1849
Calculat